{"id":151,"date":"2016-05-31T16:54:07","date_gmt":"2016-05-31T14:54:07","guid":{"rendered":"https:\/\/www.klinik-am-zuckerberg.de\/?page_id=151"},"modified":"2016-05-31T16:54:07","modified_gmt":"2016-05-31T14:54:07","slug":"gynaekologie","status":"publish","type":"page","link":"http:\/\/www.21cug.de\/kaz\/fachgebiete\/gynaekologie\/","title":{"rendered":"Gyn\u00e4kologie"},"content":{"rendered":"<p>&nbsp;<\/p>\n<h3>Gyn\u00e4kologie<\/h3>\n<p>Erfolg und Perfektion werden nur durch die konsequente Spezialisierung auf ein Fachgebiet erreicht.<\/p>\n<p>Sie werden von hochqualifizierten, international anerkannten Fach\u00e4rzten mit langj\u00e4hriger Erfahrung in dem Fachgebiet der Gyn\u00e4kologie behandelt und betreut.<\/p>\n<p>Unsere langj\u00e4hrig erfahrenen Gyn\u00e4kologen bieten Ihnen das gesamte diagnostische und therapeutische Behandlungsspektrum der Gyn\u00e4kologie an. Spezialgebiet ist die fraktionierte CO2-Lasertherapie zur Behandlung von Beschwerden im Genitalbereich, die besonders im Klimakterium auftreten, sowie von Inkontinenz, Harndrangsymptomatik und h\u00e4ufigen Harnwegsinfektionen.<\/p>\n<p>&nbsp;<\/p>\n","protected":false},"excerpt":{"rendered":"<p>Jede vierte Frau in Deutschland leidet aufgrund von Beckenboden- und Blasenproblemen unter ungewolltem Harnverlust, st\u00e4ndigem Harndrang am Tage und nachts, Blasenentleerungsst\u00f6rungen oder Kreuzschmerzen. Mit unseren Behandlungsmethoden erm\u00f6glichen wir davon betroffenen Frauen ein beschwerdefreies Leben.<\/p>\n","protected":false},"author":3,"featured_media":1037,"parent":7,"menu_order":30,"comment_status":"closed","ping_status":"closed","template":"","meta":[],"_links":{"self":[{"href":"http:\/\/www.21cug.de\/kaz\/wp-json\/wp\/v2\/pages\/151"}],"collection":[{"href":"http:\/\/www.21cug.de\/kaz\/wp-json\/wp\/v2\/pages"}],"about":[{"href":"http:\/\/www.21cug.de\/kaz\/wp-json\/wp\/v2\/types\/page"}],"author":[{"embeddable":true,"href":"http:\/\/www.21cug.de\/kaz\/wp-json\/wp\/v2\/users\/3"}],"replies":[{"embeddable":true,"href":"http:\/\/www.21cug.de\/kaz\/wp-json\/wp\/v2\/comments?post=151"}],"version-history":[{"count":0,"href":"http:\/\/www.21cug.de\/kaz\/wp-json\/wp\/v2\/pages\/151\/revisions"}],"up":[{"embeddable":true,"href":"http:\/\/www.21cug.de\/kaz\/wp-json\/wp\/v2\/pages\/7"}],"wp:featuredmedia":[{"embeddable":true,"href":"http:\/\/www.21cug.de\/kaz\/wp-json\/wp\/v2\/media\/1037"}],"wp:attachment":[{"href":"http:\/\/www.21cug.de\/kaz\/wp-json\/wp\/v2\/media?parent=151"}],"curies":[{"name":"wp","href":"https:\/\/api.w.org\/{rel}","templated":true}]}}