{"id":1497,"date":"2018-06-15T16:43:06","date_gmt":"2018-06-15T14:43:06","guid":{"rendered":"https:\/\/www.klinik-am-zuckerberg.de\/?page_id=1497"},"modified":"2018-06-15T16:43:06","modified_gmt":"2018-06-15T14:43:06","slug":"datenschutz","status":"publish","type":"page","link":"http:\/\/www.21cug.de\/kaz\/datenschutz\/","title":{"rendered":"Datenschutz"},"content":{"rendered":"<p><strong><u>Datenschutz<\/u><\/strong><\/p>\n<p>Der Schutz personenbezogener Daten ist uns ein wichtiges Anliegen. Deshalb verarbeiten wir vertraulich die personenbezogenen Daten unserer Mitarbeiter, Kunden sowie Gesch\u00e4ftspartner in \u00dcbereinstimmung mit den anwendbaren Rechtsvorschriften zum Schutz personenbezogener Daten und zur Datensicherheit.<\/p>\n<p>Der Besuch dieser Website erfordert keine Angaben personenbezogener Daten. Es werden folgende Daten erhoben und vor\u00fcbergehend bis zur der automatisierten L\u00f6schung gespeichert:<\/p>\n<ul>\n<li>IP-Adresse<\/li>\n<li>Datum und Uhrzeit des Zugriffs auf die Website<\/li>\n<li>Name und URL der abgerufenen Webseite<\/li>\n<li>die \u00fcbertragene Datenmenge<\/li>\n<li>Daten des benutzten Browsers und des verwendeten Betriebssystems<\/li>\n<li>Name und Netzwerkkennung des Internetproviders<\/li>\n<li>die Domain, die auf diese Webseite gef\u00fchrt hat<\/li>\n<\/ul>\n<p><strong><u>Einverst\u00e4ndnis <\/u><\/strong><strong><u>\u00a0<\/u><\/strong><\/p>\n<p>Der Besucher unserer Website erkl\u00e4rt sich mit der Nutzung der Website in die Speicherung dieser Daten einverstanden, wobei dieses Einverst\u00e4ndnis jederzeit widerrufen werden kann.<\/p>\n<p><strong><u>Benutzerrechte<\/u><\/strong><\/p>\n<p>Dem Benutzer der Website stehen folgende Rechte zu:<\/p>\n<ul>\n<li>die Einverst\u00e4ndniserkl\u00e4rung jederzeit durch einfache schriftliche Erkl\u00e4rung gegen\u00fcber uns zu widerrufen (gem\u00e4\u00df Art. 7 Abs. 3 DSGVO)<\/li>\n<li>Auskunft \u00fcber die von uns verarbeiteten personenbezogenen Daten zu erlangen (gem\u00e4\u00df Art. 15 DSGVO), wie u.a. \u00fcber den Zweck der Verarbeitung, die Kategorien der Daten, die Kategorien der Empf\u00e4nger (Dritten, denen die Daten offengelegt werden), die beabsichtigte Speicherdauer, das Bestehen eines Rechts auf Korrektur, L\u00f6schung, Einschr\u00e4nkung der Verarbeitung, Widerspruch oder das Bestehen eines Beschwerderechts, die Herkunft ihrer Daten, sofern diese nicht bei uns erhoben wurden, sowie \u00fcber das Bestehen einer automatisierten Entscheidungsfindung einschlie\u00dflich Profiling und ggf. aussagekr\u00e4ftigen Informationen zu deren Einzelheiten verlangen;<\/li>\n<li>die sofortige Korrektur unrichtiger oder unvollst\u00e4ndiger gespeicherter Daten zu verlangen (gem\u00e4\u00df Art. 16 DSGVO);<\/li>\n<li>die vollst\u00e4ndige L\u00f6schung der erhobenen personenbezogenen Daten zu verlangen, soweit diese Verarbeitung nicht Verarbeitung zur Aus\u00fcbung des Rechts auf freie Meinungs\u00e4u\u00dferung und Information, zur Erf\u00fcllung einer rechtlichen Verpflichtung, aus Gr\u00fcnden des \u00f6ffentlichen Interesses oder zur Geltendmachung, Aus\u00fcbung oder Verteidigung von Rechtsanspr\u00fcchen erforderlich ist (gem\u00e4\u00df Art. 17 DSGVO);<\/li>\n<li>eine Einschr\u00e4nkung hinsichtlich der Verarbeitung dieser Daten zu verlangen, soweit die Richtigkeit dieser Daten angegriffen wird, die Verarbeitung nicht rechtm\u00e4\u00dfig ist, die L\u00f6schung allerdings nicht vom Benutzer verlangt wird und diese Daten von uns nicht mehr gebraucht werden (gem\u00e4\u00df Art. 18 DSGVO) und der Benutzer die Daten zur Geltendmachung von Rechtsanspr\u00fcchen ben\u00f6tigt oder gem\u00e4\u00df Art. 21 DSGVO Widerspruch gegen die Verarbeitung eingelegt hat;<\/li>\n<li>die personenbezogenen Daten in einem g\u00e4ngigen maschinenlesbaren und strukturierten Format bereitgestellt zu bekommen (gem\u00e4\u00df Art. 20 DSGVO) oder die \u00dcbermittlung an einen anderen Verantwortlichen Dritten zu verlangen, soweit dies technisch machbar ist;<\/li>\n<li>gem\u00e4\u00df Art. 77 DSGVO bei der zust\u00e4ndigen Beh\u00f6rde Beschwerde einzulegen, wobei sich der Benutzer dabei an die Aufsichtsbeh\u00f6rde seines \u00fcblichen Aufenthaltsortes\/ Arbeitsplatzes oder an die Aufsichtsbeh\u00f6rde an unserem Sitz wenden.Vorsorglich weisen wir die Benutzer dieser Website darauf hin, dass die \u00dcbertragung von Daten im Internet (z.B. bei E-Mail-Verkehr) Sicherheitsl\u00fccken aufweisen kann, weshalb die Datensicherheit bei unverschl\u00fcsselter Kommunikation nicht gew\u00e4hrleistet werden kann. Auf den konkreten und ausdr\u00fccklichen Wunsch, bieten wir den Benutzern an, nach vorheriger Absprache eine verschl\u00fcsselte Kommunikation zu verwenden.<\/li>\n<\/ul>\n<p><strong><u>Hinweis<\/u><\/strong><\/p>\n<p>Vorsorglich weisen wir die Benutzer dieser Website darauf hin, dass die \u00dcbertragung von Daten im Internet (z.B. bei E-Mail-Verkehr) Sicherheitsl\u00fccken aufweisen kann, weshalb die Datensicherheit bei unverschl\u00fcsselter Kommunikation nicht gew\u00e4hrleistet werden kann. Auf den konkreten und ausdr\u00fccklichen Wunsch, bieten wir den Benutzern an, nach vorheriger Absprache eine verschl\u00fcsselte Kommunikation zu verwenden.<\/p>\n<p><strong><u>Cookies<\/u><\/strong><\/p>\n<p>Auf unserer Website werden sogenannte Cookies eingesetzt, die dazu dienen, das Angebot dieser Website benutzerfreundlicher und sicherer zu machen. Cookies sind f\u00fcr den Benutzer nicht sch\u00e4dlich und enthalten keine Viren, die lediglich als Textdatei auf dem Empf\u00e4ngerger\u00e4t abgelegt werden und von dem Browser speichert werden. Der Gro\u00dfteil dieser Cookies werden nach Endes des Besuchs der Website automatisch wieder gel\u00f6scht, wobei einige wenige Cookies auf dem Empf\u00e4ngerger\u00e4t gespeichert werden, um den Browser beim Folgebesuch unserer Webseite erkennbar zu machen. Dem Benutzer steht es frei, die eigenen Browsereinstellungen so zu konfigurieren, dass die Nutzung von Cookies eingeschr\u00e4nkt erlaubt wird und \/ oder diese Cookies sofort wieder automatisch gel\u00f6scht werden.<\/p>\n<p>Die Speicherung der Cookies kann von dem Benutzer durch die entsprechende Einstellung der eigenen Browser-Software verhindern werden. Dar\u00fcber hinaus kann die Speicherung der Daten sowie deren Verarbeitung und Weiterleitung an z.B. Google dadurch verhindert werden, dass ein sogenannter Browser-Plugin heruntergeladen und installiert wird (<a href=\"https:\/\/tools.google.com\/dlpage\/gaoptout?hl=de\">Browser-Plugin<\/a>).<\/p>\n<p>Wir weisen darauf hin, dass die vollst\u00e4ndige Deaktivierung von Cookies zur einschr\u00e4nkbaren Nutzung dieser Website f\u00fchren kann.<\/p>\n<p><strong><u>Aktualit\u00e4t<\/u><\/strong><\/p>\n<p>Diese Datenschutzerkl\u00e4rung ist aktuell g\u00fcltig und hat den Stand Mai 2018.<\/p>\n","protected":false},"excerpt":{"rendered":"<p>Datenschutz Der Schutz personenbezogener Daten ist uns ein wichtiges Anliegen. Deshalb verarbeiten wir vertraulich die personenbezogenen Daten unserer Mitarbeiter, Kunden<\/p>\n","protected":false},"author":3,"featured_media":0,"parent":0,"menu_order":0,"comment_status":"closed","ping_status":"closed","template":"","meta":[],"_links":{"self":[{"href":"http:\/\/www.21cug.de\/kaz\/wp-json\/wp\/v2\/pages\/1497"}],"collection":[{"href":"http:\/\/www.21cug.de\/kaz\/wp-json\/wp\/v2\/pages"}],"about":[{"href":"http:\/\/www.21cug.de\/kaz\/wp-json\/wp\/v2\/types\/page"}],"author":[{"embeddable":true,"href":"http:\/\/www.21cug.de\/kaz\/wp-json\/wp\/v2\/users\/3"}],"replies":[{"embeddable":true,"href":"http:\/\/www.21cug.de\/kaz\/wp-json\/wp\/v2\/comments?post=1497"}],"version-history":[{"count":0,"href":"http:\/\/www.21cug.de\/kaz\/wp-json\/wp\/v2\/pages\/1497\/revisions"}],"wp:attachment":[{"href":"http:\/\/www.21cug.de\/kaz\/wp-json\/wp\/v2\/media?parent=1497"}],"curies":[{"name":"wp","href":"https:\/\/api.w.org\/{rel}","templated":true}]}}