{"id":1202,"date":"2017-02-27T10:36:26","date_gmt":"2017-02-27T09:36:26","guid":{"rendered":"https:\/\/www.klinik-am-zuckerberg.de\/?page_id=1202"},"modified":"2017-02-27T10:36:26","modified_gmt":"2017-02-27T09:36:26","slug":"brustverkleinerung-gynaekomastie","status":"publish","type":"page","link":"http:\/\/www.21cug.de\/kaz\/fachgebiete\/plastisch-aesthetische-chirurgie\/brustverkleinerung-gynaekomastie\/","title":{"rendered":"Brustverkleinerung (Gyn\u00e4komastie)"},"content":{"rendered":"<h3>Brustverkleinerung (Gyn\u00e4komastie)<\/h3>\n<p>Umschriebene Fettpolster im Bereich der m\u00e4nnlichen Brust f\u00fchren h\u00e4ufig zu einer Beeintr\u00e4chtigung der Selbstwahrnehmung der betroffenen M\u00e4nner. Umschriebene Fettpolster im Bereich der m\u00e4nnlichen Brust sind gut und dauerhaft durch eine Fettabsaugung zu korrigieren. Sollten jedoch \u00fcberh\u00e4ngende Haut und Hautfettbezirke noch st\u00e4rker ausgepr\u00e4gt sein, kann lediglich durch eine Straffungsoperation der gew\u00fcnschte kosmetische Effekt erzielt werden.<\/p>\n<p>Verbesserung der Selbstwahrnehmung und des Selbstwertgef\u00fchls!<\/p>\n<p>Nach Absaugung ist die Wiedergewinnung der Akzeptanz des eigenen K\u00f6rpers sowie in den meisten F\u00e4llen eine damit verbundene \u00e4u\u00dferst positive Auswirkung auf die Gesamtpers\u00f6nlichkeit und die weitere Lebensf\u00fchrung erreicht.<\/p>\n<p>Perfektes Operieren reicht f\u00fcr eine gelungene Korrektur der m\u00e4nnlichen Brust nicht aus. In einem intimen und vertrauten Gespr\u00e4ch mit Ihnen werden wir Ihre W\u00fcnsche und unsere individuellen M\u00f6glichkeiten zu einem optimalen Ergebnis vereinen. Nachdem Ihre W\u00fcnsche in diesen vertrauten Dialog eingeflossen sind, werden wir hochqualifiziert und mit viel Fingerspitzengef\u00fchl den Eingriff durchf\u00fchren.<\/p>\n<p>Die Toplage unserer Klinik und unser warmherziges und freundliches Pflegeteam sorgen anschlie\u00dfend f\u00fcr eine diskrete Erholung.<\/p>\n","protected":false},"excerpt":{"rendered":"<p>Brustverkleinerung (Gyn\u00e4komastie) Umschriebene Fettpolster im Bereich der m\u00e4nnlichen Brust f\u00fchren h\u00e4ufig zu einer Beeintr\u00e4chtigung der Selbstwahrnehmung der betroffenen M\u00e4nner. Umschriebene<\/p>\n","protected":false},"author":3,"featured_media":1036,"parent":155,"menu_order":20,"comment_status":"closed","ping_status":"closed","template":"","meta":[],"_links":{"self":[{"href":"http:\/\/www.21cug.de\/kaz\/wp-json\/wp\/v2\/pages\/1202"}],"collection":[{"href":"http:\/\/www.21cug.de\/kaz\/wp-json\/wp\/v2\/pages"}],"about":[{"href":"http:\/\/www.21cug.de\/kaz\/wp-json\/wp\/v2\/types\/page"}],"author":[{"embeddable":true,"href":"http:\/\/www.21cug.de\/kaz\/wp-json\/wp\/v2\/users\/3"}],"replies":[{"embeddable":true,"href":"http:\/\/www.21cug.de\/kaz\/wp-json\/wp\/v2\/comments?post=1202"}],"version-history":[{"count":0,"href":"http:\/\/www.21cug.de\/kaz\/wp-json\/wp\/v2\/pages\/1202\/revisions"}],"up":[{"embeddable":true,"href":"http:\/\/www.21cug.de\/kaz\/wp-json\/wp\/v2\/pages\/155"}],"wp:featuredmedia":[{"embeddable":true,"href":"http:\/\/www.21cug.de\/kaz\/wp-json\/wp\/v2\/media\/1036"}],"wp:attachment":[{"href":"http:\/\/www.21cug.de\/kaz\/wp-json\/wp\/v2\/media?parent=1202"}],"curies":[{"name":"wp","href":"https:\/\/api.w.org\/{rel}","templated":true}]}}