{"id":1166,"date":"2017-02-27T09:39:32","date_gmt":"2017-02-27T08:39:32","guid":{"rendered":"https:\/\/www.klinik-am-zuckerberg.de\/?page_id=1166"},"modified":"2017-02-27T09:39:32","modified_gmt":"2017-02-27T08:39:32","slug":"visceral-und-gefaesschirurgie","status":"publish","type":"page","link":"http:\/\/www.21cug.de\/kaz\/fachgebiete\/venenzentrum\/visceral-und-gefaesschirurgie\/","title":{"rendered":"Visceral- und Gef\u00e4\u00dfchirurgie"},"content":{"rendered":"<h3>Visceral- und Gef\u00e4\u00dfchirurgie<\/h3>\n<p><strong>Diagnostik und Therapie bei:<\/strong><\/p>\n<ul>\n<li>Venenerkrankungen<\/li>\n<li>Krampfadern (Varizen)<\/li>\n<li>Thrombosen<\/li>\n<li>Durchblutungsst\u00f6rungen der Beine (p AVK)<\/li>\n<li>Erweiterung der Schlagadern (Aneurysma)<\/li>\n<li>Verengung der Halsschlagader (Carotis)<\/li>\n<li>Chronische Wunden bei Durchblutungsst\u00f6rungen und Diabetes<\/li>\n<\/ul>\n","protected":false},"excerpt":{"rendered":"<p>Visceral- und Gef\u00e4\u00dfchirurgie Diagnostik und Therapie bei: Venenerkrankungen Krampfadern (Varizen) Thrombosen Durchblutungsst\u00f6rungen der Beine (p AVK) Erweiterung der Schlagadern (Aneurysma)<\/p>\n","protected":false},"author":3,"featured_media":1073,"parent":145,"menu_order":20,"comment_status":"closed","ping_status":"closed","template":"","meta":[],"_links":{"self":[{"href":"http:\/\/www.21cug.de\/kaz\/wp-json\/wp\/v2\/pages\/1166"}],"collection":[{"href":"http:\/\/www.21cug.de\/kaz\/wp-json\/wp\/v2\/pages"}],"about":[{"href":"http:\/\/www.21cug.de\/kaz\/wp-json\/wp\/v2\/types\/page"}],"author":[{"embeddable":true,"href":"http:\/\/www.21cug.de\/kaz\/wp-json\/wp\/v2\/users\/3"}],"replies":[{"embeddable":true,"href":"http:\/\/www.21cug.de\/kaz\/wp-json\/wp\/v2\/comments?post=1166"}],"version-history":[{"count":0,"href":"http:\/\/www.21cug.de\/kaz\/wp-json\/wp\/v2\/pages\/1166\/revisions"}],"up":[{"embeddable":true,"href":"http:\/\/www.21cug.de\/kaz\/wp-json\/wp\/v2\/pages\/145"}],"wp:featuredmedia":[{"embeddable":true,"href":"http:\/\/www.21cug.de\/kaz\/wp-json\/wp\/v2\/media\/1073"}],"wp:attachment":[{"href":"http:\/\/www.21cug.de\/kaz\/wp-json\/wp\/v2\/media?parent=1166"}],"curies":[{"name":"wp","href":"https:\/\/api.w.org\/{rel}","templated":true}]}}