{"id":1155,"date":"2017-02-27T09:25:31","date_gmt":"2017-02-27T08:25:31","guid":{"rendered":"https:\/\/www.klinik-am-zuckerberg.de\/?page_id=1155"},"modified":"2017-02-27T09:25:31","modified_gmt":"2017-02-27T08:25:31","slug":"das-kleine-abc-der-gefaesserkrankungen","status":"publish","type":"page","link":"http:\/\/www.21cug.de\/kaz\/fachgebiete\/venenzentrum\/das-kleine-abc-der-gefaesserkrankungen\/","title":{"rendered":"Das kleine ABC der Gef\u00e4\u00dferkrankungen"},"content":{"rendered":"<h3>Das kleine ABC der Gef\u00e4\u00dferkrankungen<\/h3>\n<p><strong>Analfissur<\/strong><br \/>\nEinriss der Afterschleimhaut, verbunden mit heftigen Schmerzen beim Stuhlgang<\/p>\n<p><strong>Arterielle Verschlusskrankheit<\/strong><br \/>\nDurchblutungsst\u00f6rung meist infolge arteriosklerotischer Gef\u00e4\u00dfwanderkrankungen<\/p>\n<p><strong>Arteriosklerose<\/strong><br \/>\nSog. Arterienverkalkung; Stoffwechselst\u00f6rung der Gef\u00e4\u00dfw\u00e4nde, die zu Lumeneinengung oder -verschluss f\u00fchrt<\/p>\n<p><strong>Besenreiser<\/strong><br \/>\nFeinverzweigte stern-, strahlen- oder f\u00e4cherf\u00f6rmige Erweiterung der Hautvenen von hellroter bis dunkelblauer F\u00e4rbung<\/p>\n<p><strong>Chronisch-ven\u00f6se Insuffizienz (CVI)<\/strong><br \/>\nKombination von Venen- und Hautver\u00e4nderungen mit Schwellungsneigung, Bildung von K\u00f6lbchenvenen, Hautpigmentierung, Hautverh\u00e4rtung, Ulcus cruris<\/p>\n<p><strong>Crossektomie\/Stripping<\/strong><br \/>\nChirurgische Unterbindung und Entfernung von funktionsunt\u00fcchtigen, oberfl\u00e4chlichen Venen<\/p>\n<p><strong>H\u00e4mangiom<\/strong><br \/>\nGutartige Geschwulst durch Wucherung von kleinsten Blutgef\u00e4\u00dfen (Kapillaren) in Haut, Schleimhaut und inneren Organen; meist angeboren, spontane R\u00fcckbildungstendenz<\/p>\n<p><strong>H\u00e4morrhoiden<\/strong><br \/>\nKrankhafte Gef\u00e4\u00dferweiterung im Enddarmbereich<\/p>\n<p><strong>Naevus flammeus (Feuermal)<\/strong><br \/>\nAngeborene und fr\u00fchkindlich auftretende, persistierende, hell- bis blaurote Hautflecken aufgrund von Gef\u00e4\u00dferweiterungen<\/p>\n<p><strong>\u00d6dem<\/strong><br \/>\n\u00dcberm\u00e4\u00dfige Ansammlung von w\u00e4ssriger Fl\u00fcssigkeit im Gewebe<\/p>\n<p><strong>Phlebektomie<\/strong><br \/>\nOperative Entnahme einer oberfl\u00e4chlichen Vene<\/p>\n<p><strong>Phlebothrombose<\/strong><br \/>\nVerschluss des tiefen Beinvenensystems<\/p>\n<p><strong>Polyp<\/strong><br \/>\nGeschwulst der Schleimhaut, die in das Darmlumen hineinragt und mit der Gefahr der Krebsentstehung einhergeht<br \/>\n<strong><br \/>\nSklerosierung<\/strong><br \/>\nVer\u00f6dung von Krampfadern mit dem Ziel, die Vene in einen bindegewebigen Strang umzuwandeln; dazu wird ein Ver\u00f6dungsmittel in die Vene gespritzt, welches einen lokalen Entz\u00fcndungsreiz setzt.<\/p>\n<p><strong>Thrombophlebitis<\/strong><br \/>\nEntz\u00fcndung des oberfl\u00e4chlichen Venensystems mit ausgepr\u00e4gtem Ber\u00fchrungsschmerz, lokaler R\u00f6tung und \u00dcberw\u00e4rmung<\/p>\n<p><strong>Thrombose<\/strong><br \/>\nEntstehung eines Blutpfropfes in Blutgef\u00e4\u00dfen bei erniedrigter Blutflie\u00dfgeschwindigkeit, erh\u00f6hter Blutgerinnung oder defekter innerer Gef\u00e4\u00dfauskleidung<\/p>\n<p><strong>Ulcus cruris<\/strong><br \/>\nUnterschenkelgeschw\u00fcr unterschiedlicher Ursache. 90% sind durch Venenerkrankungen, 5% durch Erkrankungen der Arterien und 5% durch andere Ursachen bedingt.<\/p>\n<p><strong>Varikosis<\/strong><br \/>\nVenenerkrankungen mit Ver\u00e4nderungen an der Venenwand und den Venenklappen. Diese geht mit zunehmendem Verlust der elastischen Wandeigenschaften und einer Dehnung der Vene in Umfang und L\u00e4nge einher, wodurch eine Erweiterung und Schl\u00e4ngelung der Venen entsteht.<\/p>\n","protected":false},"excerpt":{"rendered":"<p>Das kleine ABC der Gef\u00e4\u00dferkrankungen Analfissur Einriss der Afterschleimhaut, verbunden mit heftigen Schmerzen beim Stuhlgang Arterielle Verschlusskrankheit Durchblutungsst\u00f6rung meist infolge<\/p>\n","protected":false},"author":3,"featured_media":1073,"parent":145,"menu_order":30,"comment_status":"closed","ping_status":"closed","template":"","meta":[],"_links":{"self":[{"href":"http:\/\/www.21cug.de\/kaz\/wp-json\/wp\/v2\/pages\/1155"}],"collection":[{"href":"http:\/\/www.21cug.de\/kaz\/wp-json\/wp\/v2\/pages"}],"about":[{"href":"http:\/\/www.21cug.de\/kaz\/wp-json\/wp\/v2\/types\/page"}],"author":[{"embeddable":true,"href":"http:\/\/www.21cug.de\/kaz\/wp-json\/wp\/v2\/users\/3"}],"replies":[{"embeddable":true,"href":"http:\/\/www.21cug.de\/kaz\/wp-json\/wp\/v2\/comments?post=1155"}],"version-history":[{"count":0,"href":"http:\/\/www.21cug.de\/kaz\/wp-json\/wp\/v2\/pages\/1155\/revisions"}],"up":[{"embeddable":true,"href":"http:\/\/www.21cug.de\/kaz\/wp-json\/wp\/v2\/pages\/145"}],"wp:featuredmedia":[{"embeddable":true,"href":"http:\/\/www.21cug.de\/kaz\/wp-json\/wp\/v2\/media\/1073"}],"wp:attachment":[{"href":"http:\/\/www.21cug.de\/kaz\/wp-json\/wp\/v2\/media?parent=1155"}],"curies":[{"name":"wp","href":"https:\/\/api.w.org\/{rel}","templated":true}]}}